{"id":440,"date":"2020-03-02T18:36:11","date_gmt":"2020-03-02T17:36:11","guid":{"rendered":"https:\/\/beta.coriaenimagenes.com\/?page_id=440"},"modified":"2024-08-16T14:54:52","modified_gmt":"2024-08-16T12:54:52","slug":"junta-de-gobierno-del-ayuntamiento-de-coria","status":"publish","type":"page","link":"https:\/\/coria.org\/ayuntamiento\/index.php\/junta-de-gobierno-del-ayuntamiento-de-coria\/","title":{"rendered":"Junta de Gobierno"},"content":{"rendered":"\n<h3 class=\"wp-block-heading\"><strong>Composici\u00f3n:<\/strong><\/h3>\n\n\n\n<div class=\"wp-block-columns is-layout-flex wp-container-core-columns-is-layout-28f84493 wp-block-columns-is-layout-flex\">\n<div class=\"wp-block-column is-layout-flow wp-block-column-is-layout-flow\">\n<figure class=\"wp-block-image size-large\"><img loading=\"lazy\" decoding=\"async\" width=\"768\" height=\"1024\" src=\"https:\/\/coria.org\/ayuntamiento\/wp-content\/uploads\/2024\/01\/Almudena-Domingo-768x1024.jpg\" alt=\"\" class=\"wp-image-57821\" srcset=\"https:\/\/coria.org\/ayuntamiento\/wp-content\/uploads\/2024\/01\/Almudena-Domingo-768x1024.jpg 768w, https:\/\/coria.org\/ayuntamiento\/wp-content\/uploads\/2024\/01\/Almudena-Domingo-225x300.jpg 225w, https:\/\/coria.org\/ayuntamiento\/wp-content\/uploads\/2024\/01\/Almudena-Domingo-300x400.jpg 300w, https:\/\/coria.org\/ayuntamiento\/wp-content\/uploads\/2024\/01\/Almudena-Domingo.jpg 1024w\" sizes=\"auto, (max-width: 768px) 100vw, 768px\" \/><\/figure>\n\n\n\n<h5 class=\"wp-block-heading\">Almudena <br>DOMINGO PIRRONGELLI<\/h5>\n\n\n\n<p>Alcalde-Presidente<\/p>\n<\/div>\n\n\n\n<div class=\"wp-block-column is-layout-flow wp-block-column-is-layout-flow\">\n<figure class=\"wp-block-image size-large\"><img loading=\"lazy\" decoding=\"async\" width=\"768\" height=\"1024\" src=\"https:\/\/coria.org\/ayuntamiento\/wp-content\/uploads\/2024\/01\/Pablo-Enciso-768x1024.jpg\" alt=\"\" class=\"wp-image-57820\" srcset=\"https:\/\/coria.org\/ayuntamiento\/wp-content\/uploads\/2024\/01\/Pablo-Enciso-768x1024.jpg 768w, https:\/\/coria.org\/ayuntamiento\/wp-content\/uploads\/2024\/01\/Pablo-Enciso-225x300.jpg 225w, https:\/\/coria.org\/ayuntamiento\/wp-content\/uploads\/2024\/01\/Pablo-Enciso-300x400.jpg 300w, https:\/\/coria.org\/ayuntamiento\/wp-content\/uploads\/2024\/01\/Pablo-Enciso.jpg 1024w\" sizes=\"auto, (max-width: 768px) 100vw, 768px\" \/><\/figure>\n\n\n\n<h5 class=\"wp-block-heading\">Pablo Luis <br>ENCISO CAVIA<\/h5>\n\n\n\n<p>1\u00ba Teniente de Alcalde<\/p>\n<\/div>\n\n\n\n<div class=\"wp-block-column is-layout-flow wp-block-column-is-layout-flow\">\n<figure class=\"wp-block-image size-large\"><img loading=\"lazy\" decoding=\"async\" width=\"768\" height=\"1024\" src=\"https:\/\/coria.org\/ayuntamiento\/wp-content\/uploads\/2024\/01\/Juan-Jose-Alcon-768x1024.jpg\" alt=\"\" class=\"wp-image-57812\" srcset=\"https:\/\/coria.org\/ayuntamiento\/wp-content\/uploads\/2024\/01\/Juan-Jose-Alcon-768x1024.jpg 768w, https:\/\/coria.org\/ayuntamiento\/wp-content\/uploads\/2024\/01\/Juan-Jose-Alcon-225x300.jpg 225w, https:\/\/coria.org\/ayuntamiento\/wp-content\/uploads\/2024\/01\/Juan-Jose-Alcon-300x400.jpg 300w, https:\/\/coria.org\/ayuntamiento\/wp-content\/uploads\/2024\/01\/Juan-Jose-Alcon.jpg 1024w\" sizes=\"auto, (max-width: 768px) 100vw, 768px\" \/><\/figure>\n\n\n\n<h5 class=\"wp-block-heading\">Juan Jos\u00e9 <br>ALC\u00d3N GAZAPO<\/h5>\n\n\n\n<p>2\u00ba Teniente de Alcalde<\/p>\n<\/div>\n<\/div>\n\n\n\n<div class=\"wp-block-columns is-layout-flex wp-container-core-columns-is-layout-28f84493 wp-block-columns-is-layout-flex\">\n<div class=\"wp-block-column is-layout-flow wp-block-column-is-layout-flow\">\n<figure class=\"wp-block-image size-large\"><img loading=\"lazy\" decoding=\"async\" width=\"768\" height=\"1024\" src=\"https:\/\/coria.org\/ayuntamiento\/wp-content\/uploads\/2024\/01\/Juan-Manuel-Gutierrez-768x1024.jpg\" alt=\"\" class=\"wp-image-57818\" srcset=\"https:\/\/coria.org\/ayuntamiento\/wp-content\/uploads\/2024\/01\/Juan-Manuel-Gutierrez-768x1024.jpg 768w, https:\/\/coria.org\/ayuntamiento\/wp-content\/uploads\/2024\/01\/Juan-Manuel-Gutierrez-225x300.jpg 225w, https:\/\/coria.org\/ayuntamiento\/wp-content\/uploads\/2024\/01\/Juan-Manuel-Gutierrez-300x400.jpg 300w, https:\/\/coria.org\/ayuntamiento\/wp-content\/uploads\/2024\/01\/Juan-Manuel-Gutierrez.jpg 1024w\" sizes=\"auto, (max-width: 768px) 100vw, 768px\" \/><\/figure>\n\n\n\n<h5 class=\"wp-block-heading\">Juan Manuel <br>GUTIERR\u00c9Z RODR\u00cdGUEZ<\/h5>\n\n\n\n<p>3\u00ba Teniente de Alcalde<\/p>\n<\/div>\n\n\n\n<div class=\"wp-block-column is-layout-flow wp-block-column-is-layout-flow\">\n<figure class=\"wp-block-image size-large\"><img loading=\"lazy\" decoding=\"async\" width=\"768\" height=\"1024\" src=\"https:\/\/coria.org\/ayuntamiento\/wp-content\/uploads\/2024\/01\/Patricia-Parro-768x1024.jpg\" alt=\"\" class=\"wp-image-57817\" srcset=\"https:\/\/coria.org\/ayuntamiento\/wp-content\/uploads\/2024\/01\/Patricia-Parro-768x1024.jpg 768w, https:\/\/coria.org\/ayuntamiento\/wp-content\/uploads\/2024\/01\/Patricia-Parro-225x300.jpg 225w, https:\/\/coria.org\/ayuntamiento\/wp-content\/uploads\/2024\/01\/Patricia-Parro-300x400.jpg 300w, https:\/\/coria.org\/ayuntamiento\/wp-content\/uploads\/2024\/01\/Patricia-Parro.jpg 1024w\" sizes=\"auto, (max-width: 768px) 100vw, 768px\" \/><\/figure>\n\n\n\n<h5 class=\"wp-block-heading\">Patricia <br>PARRO D\u00cdAZ<\/h5>\n\n\n\n<p>4\u00ba Teniente de Alcalde<\/p>\n<\/div>\n\n\n\n<div class=\"wp-block-column is-layout-flow wp-block-column-is-layout-flow\">\n<figure class=\"wp-block-image size-large\"><img loading=\"lazy\" decoding=\"async\" width=\"768\" height=\"1024\" src=\"https:\/\/coria.org\/ayuntamiento\/wp-content\/uploads\/2024\/01\/Patricia-Alfonso-768x1024.jpg\" alt=\"\" class=\"wp-image-57819\" srcset=\"https:\/\/coria.org\/ayuntamiento\/wp-content\/uploads\/2024\/01\/Patricia-Alfonso-768x1024.jpg 768w, https:\/\/coria.org\/ayuntamiento\/wp-content\/uploads\/2024\/01\/Patricia-Alfonso-225x300.jpg 225w, https:\/\/coria.org\/ayuntamiento\/wp-content\/uploads\/2024\/01\/Patricia-Alfonso-300x400.jpg 300w, https:\/\/coria.org\/ayuntamiento\/wp-content\/uploads\/2024\/01\/Patricia-Alfonso.jpg 1024w\" sizes=\"auto, (max-width: 768px) 100vw, 768px\" \/><\/figure>\n\n\n\n<h5 class=\"wp-block-heading\">Patricia <br>ALFONSO BARRIOS<\/h5>\n\n\n\n<p>5\u00ba Teniente de Alcalde<\/p>\n<\/div>\n<\/div>\n\n\n\n<div style=\"height:50px\" aria-hidden=\"true\" class=\"wp-block-spacer\"><\/div>\n\n\n\n<div class=\"wp-block-columns alignwide is-layout-flex wp-container-core-columns-is-layout-d2da2050 wp-block-columns-is-layout-flex\" style=\"margin-bottom:0\">\n<div class=\"wp-block-column has-custom-secundario-5-background-color has-text-color has-background has-link-color wp-elements-a7fa988d2b60eb8148e04fb962084b94 is-layout-flow wp-block-column-is-layout-flow\" style=\"color:#000000;padding-top:2em;padding-right:2em;padding-bottom:2em;padding-left:2em\">\n<h2 class=\"wp-block-heading has-black-color has-text-color has-link-color wp-elements-70f8c0e8a36ca8241a992174a4119b51\" id=\"single\" style=\"font-size:clamp(24.034px, 1.502rem + ((1vw - 3.2px) * 1.663), 40px);\"><strong>Funcionamiento<\/strong><\/h2>\n\n\n\n<p class=\"has-normal-font-size\" style=\"line-height:1.5\"><strong>El r\u00e9gimen de sesiones ordinarias de la Junta de Gobierno Local con car\u00e1cter semanal, los mi\u00e9rcoles a las 08:30 horas, excepto cuando se celebre sesi\u00f3n plenaria.<\/strong> <\/p>\n\n\n\n<hr class=\"wp-block-separator has-text-color has-custom-gris-1-ayto-color has-alpha-channel-opacity has-custom-gris-1-ayto-background-color has-background is-style-wide\"\/>\n\n\n\n<p>La Junta de Gobierno Local tiene asignada la delegaci\u00f3n correspondiente para el conocimiento y adopci\u00f3n de acuerdos relacionados con los siguientes asuntos:<\/p>\n\n\n\n<ul class=\"wp-block-list\">\n<li>Licencia de obras de edificaci\u00f3n, construcci\u00f3n e instalaci\u00f3n.<\/li>\n\n\n\n<li>Licencia de primera ocupaci\u00f3n o utilizaci\u00f3n.<\/li>\n\n\n\n<li>Licencias de divisi\u00f3n del suelo y de las edificaciones e instalaciones o su innecesariedad.<\/li>\n\n\n\n<li>T\u00edtulos habilitantes de Actividades y Comunicaci\u00f3n Ambiental Municipal.<\/li>\n\n\n\n<li>Licencias especiales de obras y usos provisionales.<\/li>\n\n\n\n<li>Aprobaci\u00f3n de obras o actos promovidos por Administraciones P\u00fablicas, as\u00ed como consultas sustitutivas.<\/li>\n\n\n\n<li>Calificaci\u00f3n r\u00fastica cuando la competencia de su otorgamiento sea municipal.<\/li>\n\n\n\n<li>Gesti\u00f3n de residuos.<\/li>\n\n\n\n<li>Se\u00f1alizaci\u00f3n vial.<\/li>\n\n\n\n<li>Aprobaci\u00f3n de Convenios y solicitud de subvenciones o ayudas cuando se requiera un \u00f3rgano colegiado y no sean de competencia plenaria.<\/li>\n\n\n\n<li>Padrones fiscales.<\/li>\n\n\n\n<li>Taxis.<\/li>\n<\/ul>\n<\/div>\n\n\n\n<div class=\"wp-block-column has-custom-secundario-3-background-color has-text-color has-background has-link-color wp-elements-f6b7d551f4a042903da8d0e186139eba is-layout-flow wp-block-column-is-layout-flow\" style=\"color:#000000;padding-top:2em;padding-right:2em;padding-bottom:2em;padding-left:2em\">\n<h2 class=\"wp-block-heading has-contrast-color has-text-color has-link-color wp-elements-00867f59731bec9701d9a28f391d2eea\" id=\"family\" style=\"font-size:clamp(24.034px, 1.502rem + ((1vw - 3.2px) * 1.663), 40px);\"><strong>Nombramiento<\/strong><\/h2>\n\n\n\n<p class=\"has-normal-font-size\" style=\"line-height:1.5\"><strong>El Nombramiento de los miembros y la asignaci\u00f3n de Delegaciones de la Junta de Gobierno del Ayuntamiento de Coria se estableci\u00f3 el pasado 20 de junio de 2023 en Resoluci\u00f3n de Alcald\u00eda.<\/strong><\/p>\n\n\n\n<hr class=\"wp-block-separator has-text-color has-custom-gris-1-ayto-color has-alpha-channel-opacity has-custom-gris-1-ayto-background-color has-background is-style-wide\"\/>\n\n\n\n<p>La Junta de Gobierno Municipal se rige por la Ley 7\/1985, de 2 de abril, reguladora de las Bases del R\u00e9gimen Local&nbsp;y por el&nbsp;Reglamento de Organizaci\u00f3n,Funcionamiento y R\u00e9gimen Jur\u00eddico de las Entidades Locales, aprobado por Real Decreto 2568\/1986, de 28 de noviembre.<\/p>\n\n\n\n<ol class=\"wp-block-list\">\n<li>La Junta de Gobierno Local se integra por el Alcalde y un n\u00famero de Concejales no superior al tercio del n\u00famero legal de los mismos, nombrados y separados libremente por aqu\u00e9l, dando cuenta al Pleno.<\/li>\n\n\n\n<li>Corresponde a la Junta de Gobierno Local:<\/li>\n<\/ol>\n\n\n\n<p>a) La asistencia al Alcalde en el ejercicio de sus atribuciones.<\/p>\n\n\n\n<p>b) Las atribuciones que el Alcalde u otro \u00f3rgano municipal le delegue o le atribuyan las leyes.<\/p>\n\n\n\n<ol start=\"1\" class=\"wp-block-list\">\n<li>Los Tenientes de Alcalde sustituyen, por el orden de su nombramiento y en los casos de vacante, ausencia o enfermedad, al Alcalde, siendo libremente designados y removidos por \u00e9ste de entre los miembros de la Junta de Gobierno Local y, donde \u00e9sta no exista, de entre los Concejales.<\/li>\n\n\n\n<li>El Alcalde puede delegar el ejercicio de determinadas atribuciones en los miembros de la Junta de Gobierno Local y, donde \u00e9sta no exista, en los Tenientes de Alcalde, sin perjuicio de las delegaciones especiales que, para cometidos espec\u00edficos, pueda realizar en favor de cualesquiera Concejales, aunque no pertenecieran a aqu\u00e9lla.<\/li>\n<\/ol>\n\n\n\n<div class=\"wp-block-buttons alignfull is-horizontal is-content-justification-center is-layout-flex wp-container-core-buttons-is-layout-03627597 wp-block-buttons-is-layout-flex\"><\/div>\n<\/div>\n<\/div>\n","protected":false},"excerpt":{"rendered":"<p>Composici\u00f3n: Almudena DOMINGO PIRRONGELLI Alcalde-Presidente Pablo Luis ENCISO CAVIA 1\u00ba Teniente de Alcalde Juan Jos\u00e9 ALC\u00d3N GAZAPO 2\u00ba Teniente de Alcalde Juan Manuel GUTIERR\u00c9Z RODR\u00cdGUEZ 3\u00ba Teniente de Alcalde Patricia PARRO D\u00cdAZ 4\u00ba Teniente de Alcalde Patricia ALFONSO BARRIOS 5\u00ba Teniente de Alcalde Funcionamiento El r\u00e9gimen de sesiones ordinarias de la Junta de Gobierno Local [&hellip;]<\/p>\n","protected":false},"author":2,"featured_media":1758,"parent":0,"menu_order":0,"comment_status":"closed","ping_status":"closed","template":"","meta":{"_uag_custom_page_level_css":"","footnotes":""},"class_list":["post-440","page","type-page","status-publish","has-post-thumbnail","hentry"],"yoast_head":"<!-- This site is optimized with the Yoast SEO plugin v27.4 - https:\/\/yoast.com\/product\/yoast-seo-wordpress\/ -->\n<title>Junta de Gobierno - Ayuntamiento de Coria<\/title>\n<meta name=\"description\" content=\"Informaci\u00f3n de los miembros de la Junta de Gobierno del Ayuntamiento de Coria\" \/>\n<meta name=\"robots\" content=\"index, follow, max-snippet:-1, max-image-preview:large, max-video-preview:-1\" \/>\n<link rel=\"canonical\" href=\"https:\/\/coria.org\/ayuntamiento\/index.php\/junta-de-gobierno-del-ayuntamiento-de-coria\/\" \/>\n<meta property=\"og:locale\" content=\"es_ES\" \/>\n<meta property=\"og:type\" content=\"article\" \/>\n<meta property=\"og:title\" content=\"Junta de Gobierno - Ayuntamiento de Coria\" \/>\n<meta property=\"og:description\" content=\"Informaci\u00f3n de los miembros de la Junta de Gobierno del Ayuntamiento de Coria\" \/>\n<meta property=\"og:url\" content=\"https:\/\/coria.org\/ayuntamiento\/index.php\/junta-de-gobierno-del-ayuntamiento-de-coria\/\" \/>\n<meta property=\"og:site_name\" content=\"Ayuntamiento de Coria\" \/>\n<meta property=\"article:publisher\" content=\"https:\/\/www.facebook.com\/Ayuntamiento.de.Coria\" \/>\n<meta property=\"article:modified_time\" content=\"2024-08-16T12:54:52+00:00\" \/>\n<meta property=\"og:image\" content=\"https:\/\/coria.org\/ayuntamiento\/wp-content\/uploads\/2022\/02\/ayto.jpg\" \/>\n\t<meta property=\"og:image:width\" content=\"1024\" \/>\n\t<meta property=\"og:image:height\" content=\"576\" \/>\n\t<meta property=\"og:image:type\" content=\"image\/jpeg\" \/>\n<meta name=\"twitter:card\" content=\"summary_large_image\" \/>\n<meta name=\"twitter:site\" content=\"@Ayto_de_Coria\" \/>\n<meta name=\"twitter:label1\" content=\"Tiempo de lectura\" \/>\n\t<meta name=\"twitter:data1\" content=\"4 minutos\" \/>\n<script type=\"application\/ld+json\" class=\"yoast-schema-graph\">{\"@context\":\"https:\\\/\\\/schema.org\",\"@graph\":[{\"@type\":\"WebPage\",\"@id\":\"https:\\\/\\\/coria.org\\\/ayuntamiento\\\/index.php\\\/junta-de-gobierno-del-ayuntamiento-de-coria\\\/\",\"url\":\"https:\\\/\\\/coria.org\\\/ayuntamiento\\\/index.php\\\/junta-de-gobierno-del-ayuntamiento-de-coria\\\/\",\"name\":\"Junta de Gobierno - Ayuntamiento de Coria\",\"isPartOf\":{\"@id\":\"https:\\\/\\\/coria.org\\\/ayuntamiento\\\/#website\"},\"primaryImageOfPage\":{\"@id\":\"https:\\\/\\\/coria.org\\\/ayuntamiento\\\/index.php\\\/junta-de-gobierno-del-ayuntamiento-de-coria\\\/#primaryimage\"},\"image\":{\"@id\":\"https:\\\/\\\/coria.org\\\/ayuntamiento\\\/index.php\\\/junta-de-gobierno-del-ayuntamiento-de-coria\\\/#primaryimage\"},\"thumbnailUrl\":\"https:\\\/\\\/coria.org\\\/ayuntamiento\\\/wp-content\\\/uploads\\\/2022\\\/02\\\/ayto.jpg\",\"datePublished\":\"2020-03-02T17:36:11+00:00\",\"dateModified\":\"2024-08-16T12:54:52+00:00\",\"description\":\"Informaci\u00f3n de los miembros de la Junta de Gobierno del Ayuntamiento de Coria\",\"breadcrumb\":{\"@id\":\"https:\\\/\\\/coria.org\\\/ayuntamiento\\\/index.php\\\/junta-de-gobierno-del-ayuntamiento-de-coria\\\/#breadcrumb\"},\"inLanguage\":\"es\",\"potentialAction\":[{\"@type\":\"ReadAction\",\"target\":[\"https:\\\/\\\/coria.org\\\/ayuntamiento\\\/index.php\\\/junta-de-gobierno-del-ayuntamiento-de-coria\\\/\"]}]},{\"@type\":\"ImageObject\",\"inLanguage\":\"es\",\"@id\":\"https:\\\/\\\/coria.org\\\/ayuntamiento\\\/index.php\\\/junta-de-gobierno-del-ayuntamiento-de-coria\\\/#primaryimage\",\"url\":\"https:\\\/\\\/coria.org\\\/ayuntamiento\\\/wp-content\\\/uploads\\\/2022\\\/02\\\/ayto.jpg\",\"contentUrl\":\"https:\\\/\\\/coria.org\\\/ayuntamiento\\\/wp-content\\\/uploads\\\/2022\\\/02\\\/ayto.jpg\",\"width\":1024,\"height\":576},{\"@type\":\"BreadcrumbList\",\"@id\":\"https:\\\/\\\/coria.org\\\/ayuntamiento\\\/index.php\\\/junta-de-gobierno-del-ayuntamiento-de-coria\\\/#breadcrumb\",\"itemListElement\":[{\"@type\":\"ListItem\",\"position\":1,\"name\":\"Inicio\",\"item\":\"https:\\\/\\\/coria.org\\\/ayuntamiento\\\/\"},{\"@type\":\"ListItem\",\"position\":2,\"name\":\"Junta de Gobierno\"}]},{\"@type\":\"WebSite\",\"@id\":\"https:\\\/\\\/coria.org\\\/ayuntamiento\\\/#website\",\"url\":\"https:\\\/\\\/coria.org\\\/ayuntamiento\\\/\",\"name\":\"Ayuntamiento de Coria\",\"description\":\"Web oficial del Ayuntamiento de Coria\",\"publisher\":{\"@id\":\"https:\\\/\\\/coria.org\\\/ayuntamiento\\\/#organization\"},\"alternateName\":\"Web Oficial del Ayuntamiento de Coria\",\"potentialAction\":[{\"@type\":\"SearchAction\",\"target\":{\"@type\":\"EntryPoint\",\"urlTemplate\":\"https:\\\/\\\/coria.org\\\/ayuntamiento\\\/?s={search_term_string}\"},\"query-input\":{\"@type\":\"PropertyValueSpecification\",\"valueRequired\":true,\"valueName\":\"search_term_string\"}}],\"inLanguage\":\"es\"},{\"@type\":\"Organization\",\"@id\":\"https:\\\/\\\/coria.org\\\/ayuntamiento\\\/#organization\",\"name\":\"Ayuntamiento de Coria\",\"alternateName\":\"Ayto de Coria\",\"url\":\"https:\\\/\\\/coria.org\\\/ayuntamiento\\\/\",\"logo\":{\"@type\":\"ImageObject\",\"inLanguage\":\"es\",\"@id\":\"https:\\\/\\\/coria.org\\\/ayuntamiento\\\/#\\\/schema\\\/logo\\\/image\\\/\",\"url\":\"https:\\\/\\\/coria.org\\\/ayuntamiento\\\/wp-content\\\/uploads\\\/2020\\\/12\\\/escudo-ayuntamiento-coria.png\",\"contentUrl\":\"https:\\\/\\\/coria.org\\\/ayuntamiento\\\/wp-content\\\/uploads\\\/2020\\\/12\\\/escudo-ayuntamiento-coria.png\",\"width\":511,\"height\":240,\"caption\":\"Ayuntamiento de Coria\"},\"image\":{\"@id\":\"https:\\\/\\\/coria.org\\\/ayuntamiento\\\/#\\\/schema\\\/logo\\\/image\\\/\"},\"sameAs\":[\"https:\\\/\\\/www.facebook.com\\\/Ayuntamiento.de.Coria\",\"https:\\\/\\\/x.com\\\/Ayto_de_Coria\",\"https:\\\/\\\/www.instagram.com\\\/coria.ayuntamiento\\\/\",\"https:\\\/\\\/www.youtube.com\\\/user\\\/AYUNTAMIENTOCORIA\"]}]}<\/script>\n<!-- \/ Yoast SEO plugin. -->","yoast_head_json":{"title":"Junta de Gobierno - Ayuntamiento de Coria","description":"Informaci\u00f3n de los miembros de la Junta de Gobierno del Ayuntamiento de Coria","robots":{"index":"index","follow":"follow","max-snippet":"max-snippet:-1","max-image-preview":"max-image-preview:large","max-video-preview":"max-video-preview:-1"},"canonical":"https:\/\/coria.org\/ayuntamiento\/index.php\/junta-de-gobierno-del-ayuntamiento-de-coria\/","og_locale":"es_ES","og_type":"article","og_title":"Junta de Gobierno - Ayuntamiento de Coria","og_description":"Informaci\u00f3n de los miembros de la Junta de Gobierno del Ayuntamiento de Coria","og_url":"https:\/\/coria.org\/ayuntamiento\/index.php\/junta-de-gobierno-del-ayuntamiento-de-coria\/","og_site_name":"Ayuntamiento de Coria","article_publisher":"https:\/\/www.facebook.com\/Ayuntamiento.de.Coria","article_modified_time":"2024-08-16T12:54:52+00:00","og_image":[{"width":1024,"height":576,"url":"https:\/\/coria.org\/ayuntamiento\/wp-content\/uploads\/2022\/02\/ayto.jpg","type":"image\/jpeg"}],"twitter_card":"summary_large_image","twitter_site":"@Ayto_de_Coria","twitter_misc":{"Tiempo de lectura":"4 minutos"},"schema":{"@context":"https:\/\/schema.org","@graph":[{"@type":"WebPage","@id":"https:\/\/coria.org\/ayuntamiento\/index.php\/junta-de-gobierno-del-ayuntamiento-de-coria\/","url":"https:\/\/coria.org\/ayuntamiento\/index.php\/junta-de-gobierno-del-ayuntamiento-de-coria\/","name":"Junta de Gobierno - Ayuntamiento de Coria","isPartOf":{"@id":"https:\/\/coria.org\/ayuntamiento\/#website"},"primaryImageOfPage":{"@id":"https:\/\/coria.org\/ayuntamiento\/index.php\/junta-de-gobierno-del-ayuntamiento-de-coria\/#primaryimage"},"image":{"@id":"https:\/\/coria.org\/ayuntamiento\/index.php\/junta-de-gobierno-del-ayuntamiento-de-coria\/#primaryimage"},"thumbnailUrl":"https:\/\/coria.org\/ayuntamiento\/wp-content\/uploads\/2022\/02\/ayto.jpg","datePublished":"2020-03-02T17:36:11+00:00","dateModified":"2024-08-16T12:54:52+00:00","description":"Informaci\u00f3n de los miembros de la Junta de Gobierno del Ayuntamiento de Coria","breadcrumb":{"@id":"https:\/\/coria.org\/ayuntamiento\/index.php\/junta-de-gobierno-del-ayuntamiento-de-coria\/#breadcrumb"},"inLanguage":"es","potentialAction":[{"@type":"ReadAction","target":["https:\/\/coria.org\/ayuntamiento\/index.php\/junta-de-gobierno-del-ayuntamiento-de-coria\/"]}]},{"@type":"ImageObject","inLanguage":"es","@id":"https:\/\/coria.org\/ayuntamiento\/index.php\/junta-de-gobierno-del-ayuntamiento-de-coria\/#primaryimage","url":"https:\/\/coria.org\/ayuntamiento\/wp-content\/uploads\/2022\/02\/ayto.jpg","contentUrl":"https:\/\/coria.org\/ayuntamiento\/wp-content\/uploads\/2022\/02\/ayto.jpg","width":1024,"height":576},{"@type":"BreadcrumbList","@id":"https:\/\/coria.org\/ayuntamiento\/index.php\/junta-de-gobierno-del-ayuntamiento-de-coria\/#breadcrumb","itemListElement":[{"@type":"ListItem","position":1,"name":"Inicio","item":"https:\/\/coria.org\/ayuntamiento\/"},{"@type":"ListItem","position":2,"name":"Junta de Gobierno"}]},{"@type":"WebSite","@id":"https:\/\/coria.org\/ayuntamiento\/#website","url":"https:\/\/coria.org\/ayuntamiento\/","name":"Ayuntamiento de Coria","description":"Web oficial del Ayuntamiento de Coria","publisher":{"@id":"https:\/\/coria.org\/ayuntamiento\/#organization"},"alternateName":"Web Oficial del Ayuntamiento de Coria","potentialAction":[{"@type":"SearchAction","target":{"@type":"EntryPoint","urlTemplate":"https:\/\/coria.org\/ayuntamiento\/?s={search_term_string}"},"query-input":{"@type":"PropertyValueSpecification","valueRequired":true,"valueName":"search_term_string"}}],"inLanguage":"es"},{"@type":"Organization","@id":"https:\/\/coria.org\/ayuntamiento\/#organization","name":"Ayuntamiento de Coria","alternateName":"Ayto de Coria","url":"https:\/\/coria.org\/ayuntamiento\/","logo":{"@type":"ImageObject","inLanguage":"es","@id":"https:\/\/coria.org\/ayuntamiento\/#\/schema\/logo\/image\/","url":"https:\/\/coria.org\/ayuntamiento\/wp-content\/uploads\/2020\/12\/escudo-ayuntamiento-coria.png","contentUrl":"https:\/\/coria.org\/ayuntamiento\/wp-content\/uploads\/2020\/12\/escudo-ayuntamiento-coria.png","width":511,"height":240,"caption":"Ayuntamiento de Coria"},"image":{"@id":"https:\/\/coria.org\/ayuntamiento\/#\/schema\/logo\/image\/"},"sameAs":["https:\/\/www.facebook.com\/Ayuntamiento.de.Coria","https:\/\/x.com\/Ayto_de_Coria","https:\/\/www.instagram.com\/coria.ayuntamiento\/","https:\/\/www.youtube.com\/user\/AYUNTAMIENTOCORIA"]}]}},"uagb_featured_image_src":{"full":["https:\/\/coria.org\/ayuntamiento\/wp-content\/uploads\/2022\/02\/ayto.jpg",1024,576,false],"thumbnail":["https:\/\/coria.org\/ayuntamiento\/wp-content\/uploads\/2022\/02\/ayto-150x150.jpg",150,150,true],"medium":["https:\/\/coria.org\/ayuntamiento\/wp-content\/uploads\/2022\/02\/ayto-300x169.jpg",300,169,true],"medium_large":["https:\/\/coria.org\/ayuntamiento\/wp-content\/uploads\/2022\/02\/ayto-768x432.jpg",768,432,true],"large":["https:\/\/coria.org\/ayuntamiento\/wp-content\/uploads\/2022\/02\/ayto.jpg",1024,576,false],"thumblist":["https:\/\/coria.org\/ayuntamiento\/wp-content\/uploads\/2022\/02\/ayto.jpg",300,169,false],"thumbrelated":["https:\/\/coria.org\/ayuntamiento\/wp-content\/uploads\/2022\/02\/ayto.jpg",500,281,false],"meccarouselthumb":["https:\/\/coria.org\/ayuntamiento\/wp-content\/uploads\/2022\/02\/ayto.jpg",474,267,false],"gridsquare":["https:\/\/coria.org\/ayuntamiento\/wp-content\/uploads\/2022\/02\/ayto.jpg",391,220,false],"tileview":["https:\/\/coria.org\/ayuntamiento\/wp-content\/uploads\/2022\/02\/ayto.jpg",300,169,false],"1536x1536":["https:\/\/coria.org\/ayuntamiento\/wp-content\/uploads\/2022\/02\/ayto.jpg",1024,576,false],"2048x2048":["https:\/\/coria.org\/ayuntamiento\/wp-content\/uploads\/2022\/02\/ayto.jpg",1024,576,false]},"uagb_author_info":{"display_name":"ayuntamiento","author_link":"https:\/\/coria.org\/ayuntamiento\/index.php\/author\/ayuntamiento\/"},"uagb_comment_info":0,"uagb_excerpt":"Composici\u00f3n: Almudena DOMINGO PIRRONGELLI Alcalde-Presidente Pablo Luis ENCISO CAVIA 1\u00ba Teniente de Alcalde Juan Jos\u00e9 ALC\u00d3N GAZAPO 2\u00ba Teniente de Alcalde Juan Manuel GUTIERR\u00c9Z RODR\u00cdGUEZ 3\u00ba Teniente de Alcalde Patricia PARRO D\u00cdAZ 4\u00ba Teniente de Alcalde Patricia ALFONSO BARRIOS 5\u00ba Teniente de Alcalde Funcionamiento El r\u00e9gimen de sesiones ordinarias de la Junta de Gobierno Local&hellip;","_links":{"self":[{"href":"https:\/\/coria.org\/ayuntamiento\/index.php\/wp-json\/wp\/v2\/pages\/440","targetHints":{"allow":["GET"]}}],"collection":[{"href":"https:\/\/coria.org\/ayuntamiento\/index.php\/wp-json\/wp\/v2\/pages"}],"about":[{"href":"https:\/\/coria.org\/ayuntamiento\/index.php\/wp-json\/wp\/v2\/types\/page"}],"author":[{"embeddable":true,"href":"https:\/\/coria.org\/ayuntamiento\/index.php\/wp-json\/wp\/v2\/users\/2"}],"replies":[{"embeddable":true,"href":"https:\/\/coria.org\/ayuntamiento\/index.php\/wp-json\/wp\/v2\/comments?post=440"}],"version-history":[{"count":0,"href":"https:\/\/coria.org\/ayuntamiento\/index.php\/wp-json\/wp\/v2\/pages\/440\/revisions"}],"wp:featuredmedia":[{"embeddable":true,"href":"https:\/\/coria.org\/ayuntamiento\/index.php\/wp-json\/wp\/v2\/media\/1758"}],"wp:attachment":[{"href":"https:\/\/coria.org\/ayuntamiento\/index.php\/wp-json\/wp\/v2\/media?parent=440"}],"curies":[{"name":"wp","href":"https:\/\/api.w.org\/{rel}","templated":true}]}}