{"version":"1.0","provider_name":"Ayuntamiento de Coria","provider_url":"https:\/\/coria.org\/ayuntamiento","author_name":"ayuntamiento","author_url":"https:\/\/coria.org\/ayuntamiento\/index.php\/author\/ayuntamiento\/","title":"Verano en Cadenetas - Ayuntamiento de Coria","type":"rich","width":600,"height":338,"html":"<blockquote class=\"wp-embedded-content\" data-secret=\"mEBoj5KZUn\"><a href=\"https:\/\/coria.org\/ayuntamiento\/index.php\/2010\/07\/13\/verano-en-cadenetas\/\">Verano en Cadenetas<\/a><\/blockquote><iframe sandbox=\"allow-scripts\" security=\"restricted\" src=\"https:\/\/coria.org\/ayuntamiento\/index.php\/2010\/07\/13\/verano-en-cadenetas\/embed\/#?secret=mEBoj5KZUn\" width=\"600\" height=\"338\" title=\"\u00abVerano en Cadenetas\u00bb \u2014 Ayuntamiento de Coria\" data-secret=\"mEBoj5KZUn\" frameborder=\"0\" marginwidth=\"0\" marginheight=\"0\" scrolling=\"no\" class=\"wp-embedded-content\"><\/iframe><script>\n\/*! This file is auto-generated *\/\n!function(d,l){\"use strict\";l.querySelector&&d.addEventListener&&\"undefined\"!=typeof URL&&(d.wp=d.wp||{},d.wp.receiveEmbedMessage||(d.wp.receiveEmbedMessage=function(e){var t=e.data;if((t||t.secret||t.message||t.value)&&!\/[^a-zA-Z0-9]\/.test(t.secret)){for(var s,r,n,a=l.querySelectorAll('iframe[data-secret=\"'+t.secret+'\"]'),o=l.querySelectorAll('blockquote[data-secret=\"'+t.secret+'\"]'),c=new RegExp(\"^https?:$\",\"i\"),i=0;i<o.length;i++)o[i].style.display=\"none\";for(i=0;i<a.length;i++)s=a[i],e.source===s.contentWindow&&(s.removeAttribute(\"style\"),\"height\"===t.message?(1e3<(r=parseInt(t.value,10))?r=1e3:~~r<200&&(r=200),s.height=r):\"link\"===t.message&&(r=new URL(s.getAttribute(\"src\")),n=new URL(t.value),c.test(n.protocol))&&n.host===r.host&&l.activeElement===s&&(d.top.location.href=t.value))}},d.addEventListener(\"message\",d.wp.receiveEmbedMessage,!1),l.addEventListener(\"DOMContentLoaded\",function(){for(var e,t,s=l.querySelectorAll(\"iframe.wp-embedded-content\"),r=0;r<s.length;r++)(t=(e=s[r]).getAttribute(\"data-secret\"))||(t=Math.random().toString(36).substring(2,12),e.src+=\"#?secret=\"+t,e.setAttribute(\"data-secret\",t)),e.contentWindow.postMessage({message:\"ready\",secret:t},\"*\")},!1)))}(window,document);\n\/\/# sourceURL=https:\/\/coria.org\/ayuntamiento\/wp-includes\/js\/wp-embed.min.js\n<\/script>\n","description":"El Excmo. Ayuntamiento de Coria informa a todos los ciudadanos que el pr\u00f3ximo s\u00e1bado, d\u00eda 17 de julio, en el Parque de Cadenetas tendr\u00e1 lugar la jornada \u00abVerano en Cadenetas\u00bb, mediante la cual se pretende fomentar el aspecto m\u00e1s l\u00fadico del Parque y del propio Barrio. La programaci\u00f3n incluye una divertida \u00abFiesta de la Espuma\u00bb [&hellip;]"}

El Excmo. Ayuntamiento de Coria informa a todos los ciudadanos que el próximo sábado, día 17 de julio, en el Parque de Cadenetas tendrá lugar la jornada «Verano en Cadenetas», mediante la cual se pretende fomentar el aspecto más lúdico del Parque y del propio Barrio. La programación incluye una divertida «Fiesta de la Espuma» [&hellip;]
